{"id":1454,"date":"2023-10-21T13:07:01","date_gmt":"2023-10-21T11:07:01","guid":{"rendered":"https:\/\/revuepolaire.com\/index.php\/newsletter\/"},"modified":"2023-10-21T13:07:01","modified_gmt":"2023-10-21T11:07:01","slug":"newsletter","status":"publish","type":"page","link":"https:\/\/revuepolaire.com\/index.php\/newsletter\/","title":{"rendered":"Newsletter"},"content":{"rendered":"<div class=\"tnp tnp-subscription \">\n<form method=\"post\" action=\"https:\/\/revuepolaire.com\/wp-admin\/admin-ajax.php?action=tnp&amp;na=s\">\n<input type=\"hidden\" name=\"nlang\" value=\"\">\n<div class=\"tnp-field tnp-field-email\"><label for=\"tnp-1\">Soyez averti par e-mail lorsqu&#039;un nouvel article est publi\u00e9 :<\/label>\n<input class=\"tnp-email\" type=\"email\" name=\"ne\" id=\"tnp-1\" value=\"\" placeholder=\"\" required><\/div>\n<div class=\"tnp-field tnp-field-button\" style=\"text-align: left\"><input class=\"tnp-submit\" type=\"submit\" value=\"S&#039;abonner\" style=\"\">\n<\/div>\n<\/form>\n<\/div>\n\n","protected":false},"excerpt":{"rendered":"","protected":false},"author":3,"featured_media":0,"parent":0,"menu_order":0,"comment_status":"closed","ping_status":"closed","template":"","meta":{"_editorskit_title_hidden":false,"_editorskit_reading_time":0,"_editorskit_is_block_options_detached":false,"_editorskit_block_options_position":"{}","advgb_blocks_editor_width":"","advgb_blocks_columns_visual_guide":"","_monsterinsights_skip_tracking":false,"_monsterinsights_sitenote_active":false,"_monsterinsights_sitenote_note":"","_monsterinsights_sitenote_category":0,"_uf_show_specific_survey":0,"_uf_disable_surveys":false,"footnotes":""},"class_list":["post-1454","page","type-page","status-publish","hentry"],"yoast_head":"<!-- This site is optimized with the Yoast SEO plugin v27.4 - https:\/\/yoast.com\/product\/yoast-seo-wordpress\/ -->\n<title>Newsletter - Revue Polaire<\/title>\n<meta name=\"robots\" content=\"index, follow, max-snippet:-1, max-image-preview:large, max-video-preview:-1\" \/>\n<link rel=\"canonical\" href=\"https:\/\/revuepolaire.com\/index.php\/newsletter\/\" \/>\n<meta property=\"og:locale\" content=\"fr_FR\" \/>\n<meta property=\"og:type\" content=\"article\" \/>\n<meta property=\"og:title\" content=\"Newsletter - Revue Polaire\" \/>\n<meta property=\"og:url\" content=\"https:\/\/revuepolaire.com\/index.php\/newsletter\/\" \/>\n<meta property=\"og:site_name\" content=\"Revue Polaire\" \/>\n<meta property=\"article:publisher\" content=\"https:\/\/www.facebook.com\/polaire.editions\/?locale=fr_FR\" \/>\n<meta name=\"twitter:card\" content=\"summary_large_image\" \/>\n<script type=\"application\/ld+json\" class=\"yoast-schema-graph\">{\"@context\":\"https:\\\/\\\/schema.org\",\"@graph\":[{\"@type\":\"WebPage\",\"@id\":\"https:\\\/\\\/revuepolaire.com\\\/index.php\\\/newsletter\\\/\",\"url\":\"https:\\\/\\\/revuepolaire.com\\\/index.php\\\/newsletter\\\/\",\"name\":\"Newsletter - Revue Polaire\",\"isPartOf\":{\"@id\":\"http:\\\/\\\/revuepolaire.com\\\/#website\"},\"datePublished\":\"2023-10-21T11:07:01+00:00\",\"breadcrumb\":{\"@id\":\"https:\\\/\\\/revuepolaire.com\\\/index.php\\\/newsletter\\\/#breadcrumb\"},\"inLanguage\":\"fr-FR\",\"potentialAction\":[{\"@type\":\"ReadAction\",\"target\":[\"https:\\\/\\\/revuepolaire.com\\\/index.php\\\/newsletter\\\/\"]}]},{\"@type\":\"BreadcrumbList\",\"@id\":\"https:\\\/\\\/revuepolaire.com\\\/index.php\\\/newsletter\\\/#breadcrumb\",\"itemListElement\":[{\"@type\":\"ListItem\",\"position\":1,\"name\":\"Accueil\",\"item\":\"http:\\\/\\\/revuepolaire.com\\\/\"},{\"@type\":\"ListItem\",\"position\":2,\"name\":\"Newsletter\"}]},{\"@type\":\"WebSite\",\"@id\":\"http:\\\/\\\/revuepolaire.com\\\/#website\",\"url\":\"http:\\\/\\\/revuepolaire.com\\\/\",\"name\":\"Revue Polaire\",\"description\":\"Pour retrouver magn\u00e9tiquement, au-del\u00e0, en-de\u00e7\u00e0 des frilosit\u00e9s postmodernes, l&#039;esprit des p\u00f4les, le grand Air\u2026\",\"publisher\":{\"@id\":\"http:\\\/\\\/revuepolaire.com\\\/#organization\"},\"potentialAction\":[{\"@type\":\"SearchAction\",\"target\":{\"@type\":\"EntryPoint\",\"urlTemplate\":\"http:\\\/\\\/revuepolaire.com\\\/?s={search_term_string}\"},\"query-input\":{\"@type\":\"PropertyValueSpecification\",\"valueRequired\":true,\"valueName\":\"search_term_string\"}}],\"inLanguage\":\"fr-FR\"},{\"@type\":\"Organization\",\"@id\":\"http:\\\/\\\/revuepolaire.com\\\/#organization\",\"name\":\"Revue Polaire\",\"url\":\"http:\\\/\\\/revuepolaire.com\\\/\",\"logo\":{\"@type\":\"ImageObject\",\"inLanguage\":\"fr-FR\",\"@id\":\"http:\\\/\\\/revuepolaire.com\\\/#\\\/schema\\\/logo\\\/image\\\/\",\"url\":\"https:\\\/\\\/revuepolaire.com\\\/wp-content\\\/uploads\\\/2023\\\/10\\\/cropped-cropped-cropped-b-vert-deau-1-2.png\",\"contentUrl\":\"https:\\\/\\\/revuepolaire.com\\\/wp-content\\\/uploads\\\/2023\\\/10\\\/cropped-cropped-cropped-b-vert-deau-1-2.png\",\"width\":246,\"height\":246,\"caption\":\"Revue Polaire\"},\"image\":{\"@id\":\"http:\\\/\\\/revuepolaire.com\\\/#\\\/schema\\\/logo\\\/image\\\/\"},\"sameAs\":[\"https:\\\/\\\/www.facebook.com\\\/polaire.editions\\\/?locale=fr_FR\"]}]}<\/script>\n<!-- \/ Yoast SEO plugin. -->","yoast_head_json":{"title":"Newsletter - Revue Polaire","robots":{"index":"index","follow":"follow","max-snippet":"max-snippet:-1","max-image-preview":"max-image-preview:large","max-video-preview":"max-video-preview:-1"},"canonical":"https:\/\/revuepolaire.com\/index.php\/newsletter\/","og_locale":"fr_FR","og_type":"article","og_title":"Newsletter - Revue Polaire","og_url":"https:\/\/revuepolaire.com\/index.php\/newsletter\/","og_site_name":"Revue Polaire","article_publisher":"https:\/\/www.facebook.com\/polaire.editions\/?locale=fr_FR","twitter_card":"summary_large_image","schema":{"@context":"https:\/\/schema.org","@graph":[{"@type":"WebPage","@id":"https:\/\/revuepolaire.com\/index.php\/newsletter\/","url":"https:\/\/revuepolaire.com\/index.php\/newsletter\/","name":"Newsletter - Revue Polaire","isPartOf":{"@id":"http:\/\/revuepolaire.com\/#website"},"datePublished":"2023-10-21T11:07:01+00:00","breadcrumb":{"@id":"https:\/\/revuepolaire.com\/index.php\/newsletter\/#breadcrumb"},"inLanguage":"fr-FR","potentialAction":[{"@type":"ReadAction","target":["https:\/\/revuepolaire.com\/index.php\/newsletter\/"]}]},{"@type":"BreadcrumbList","@id":"https:\/\/revuepolaire.com\/index.php\/newsletter\/#breadcrumb","itemListElement":[{"@type":"ListItem","position":1,"name":"Accueil","item":"http:\/\/revuepolaire.com\/"},{"@type":"ListItem","position":2,"name":"Newsletter"}]},{"@type":"WebSite","@id":"http:\/\/revuepolaire.com\/#website","url":"http:\/\/revuepolaire.com\/","name":"Revue Polaire","description":"Pour retrouver magn\u00e9tiquement, au-del\u00e0, en-de\u00e7\u00e0 des frilosit\u00e9s postmodernes, l&#039;esprit des p\u00f4les, le grand Air\u2026","publisher":{"@id":"http:\/\/revuepolaire.com\/#organization"},"potentialAction":[{"@type":"SearchAction","target":{"@type":"EntryPoint","urlTemplate":"http:\/\/revuepolaire.com\/?s={search_term_string}"},"query-input":{"@type":"PropertyValueSpecification","valueRequired":true,"valueName":"search_term_string"}}],"inLanguage":"fr-FR"},{"@type":"Organization","@id":"http:\/\/revuepolaire.com\/#organization","name":"Revue Polaire","url":"http:\/\/revuepolaire.com\/","logo":{"@type":"ImageObject","inLanguage":"fr-FR","@id":"http:\/\/revuepolaire.com\/#\/schema\/logo\/image\/","url":"https:\/\/revuepolaire.com\/wp-content\/uploads\/2023\/10\/cropped-cropped-cropped-b-vert-deau-1-2.png","contentUrl":"https:\/\/revuepolaire.com\/wp-content\/uploads\/2023\/10\/cropped-cropped-cropped-b-vert-deau-1-2.png","width":246,"height":246,"caption":"Revue Polaire"},"image":{"@id":"http:\/\/revuepolaire.com\/#\/schema\/logo\/image\/"},"sameAs":["https:\/\/www.facebook.com\/polaire.editions\/?locale=fr_FR"]}]}},"coauthors":[],"author_meta":{"author_link":"https:\/\/revuepolaire.com\/index.php\/author\/stephanepartiot\/","display_name":"St\u00e9phane Partiot"},"relative_dates":{"created":"Publi\u00e9 3 ans il y a","modified":"Mis \u00e0 jour 3 ans il y a"},"absolute_dates":{"created":"Publi\u00e9 le 21 octobre 2023","modified":"Mise \u00e0 jour le 21 octobre 2023"},"absolute_dates_time":{"created":"Publi\u00e9 le 21 octobre 2023 13h07","modified":"Mise \u00e0 jour le 21 octobre 2023 13h07"},"featured_img_caption":"","featured_img":false,"series_order":"","_links":{"self":[{"href":"https:\/\/revuepolaire.com\/index.php\/wp-json\/wp\/v2\/pages\/1454","targetHints":{"allow":["GET"]}}],"collection":[{"href":"https:\/\/revuepolaire.com\/index.php\/wp-json\/wp\/v2\/pages"}],"about":[{"href":"https:\/\/revuepolaire.com\/index.php\/wp-json\/wp\/v2\/types\/page"}],"author":[{"embeddable":true,"href":"https:\/\/revuepolaire.com\/index.php\/wp-json\/wp\/v2\/users\/3"}],"replies":[{"embeddable":true,"href":"https:\/\/revuepolaire.com\/index.php\/wp-json\/wp\/v2\/comments?post=1454"}],"version-history":[{"count":0,"href":"https:\/\/revuepolaire.com\/index.php\/wp-json\/wp\/v2\/pages\/1454\/revisions"}],"wp:attachment":[{"href":"https:\/\/revuepolaire.com\/index.php\/wp-json\/wp\/v2\/media?parent=1454"}],"curies":[{"name":"wp","href":"https:\/\/api.w.org\/{rel}","templated":true}]}}