{"id":1885,"date":"2024-02-26T17:24:26","date_gmt":"2024-02-26T16:24:26","guid":{"rendered":"https:\/\/revuepolaire.com\/?page_id=1885"},"modified":"2024-02-26T18:28:25","modified_gmt":"2024-02-26T17:28:25","slug":"editions","status":"publish","type":"page","link":"https:\/\/revuepolaire.com\/index.php\/editions\/","title":{"rendered":"\u00c9ditions Polaire"},"content":{"rendered":"\n<p><em>Situ\u00e9es \u00e0 Marcq-en-Baroeul, dans le Nord, les \u00e9ditions Polaire ont publi\u00e9, entre 2013 et 2017<\/em>,<em> des textes de nature vari\u00e9e sous forme de livrets. Nos exemplaires, num\u00e9rot\u00e9s, sont illustr\u00e9s et pr\u00e9sentent des combinaisons de diverses couleurs de papier et d&rsquo;encre pour mieux \u00e9veiller les correspondances. Non, le P\u00f4le n&rsquo;est pas blanc : il d\u00e9compose le prisme lumineux o\u00f9 qu&rsquo;on se tourne, o\u00f9 qu&rsquo;on regarde.<\/em><\/p>\n\n\n\n<p>La liste cliquable ci-dessous regroupe les textes publi\u00e9s :<\/p>\n\n\n\n<ul class=\"wp-block-advgb-summary advgb-toc alignnone\"><li class=\"toc-level-1\"><a href=\"#jean-louis-cloet-nour-sfa\">Jean-Louis Clo\u00ebt, Nour &amp; Sfa<\/a><\/li><li class=\"toc-level-1\"><a href=\"#jean-louis-cloet-et-firoozeh-radji-tutoyer-les-anges\">Jean-Louis Clo\u00ebt et Firoozeh Radji, Tutoyer les anges<\/a><\/li><li class=\"toc-level-1\"><a href=\"#jean-louis-cloet-trois-poemes-de-rupture-de-labandon\">Jean-Louis Cloe\u0308t, Trois po\u00e8mes de rupture &amp; de l&rsquo;abandon<\/a><\/li><li class=\"toc-level-1\"><a href=\"#jean-paul-woitrain-nemo\">Jean-Paul Woitrain, Nemo<\/a><\/li><li class=\"toc-level-1\"><a href=\"#marcelle-rosnay-vivre-en-poesie\">Marcelle Rosnay, Vivre en po\u00e9sie<\/a><\/li><li class=\"toc-level-1\"><a href=\"#blaise-rosnay-la-jeune-fille-sur-la-plage\">Blaise Rosnay, La jeune fille sur la plage<\/a><\/li><li class=\"toc-level-1\"><a href=\"#stephane-partiot-partition-du-temps\">St\u00e9phane Partiot, Partition du temps<\/a><\/li><\/ul>\n\n\n\n<h2 class=\"wp-block-heading\" id=\"jean-louis-cloet-nour-sfa\">Jean-Louis Clo\u00ebt, <em>Nour &amp; Sfa<\/em><\/h2>\n\n\n<div class=\"wp-block-image\">\n<figure class=\"aligncenter size-large is-resized\"><img fetchpriority=\"high\" decoding=\"async\" width=\"768\" height=\"1024\" src=\"https:\/\/revuepolaire.com\/wp-content\/uploads\/2024\/02\/L1030354-2-768x1024.jpeg\" alt=\"\" class=\"wp-image-1892\" style=\"width:359px;height:auto\" srcset=\"https:\/\/revuepolaire.com\/wp-content\/uploads\/2024\/02\/L1030354-2-768x1024.jpeg 768w, https:\/\/revuepolaire.com\/wp-content\/uploads\/2024\/02\/L1030354-2-225x300.jpeg 225w, https:\/\/revuepolaire.com\/wp-content\/uploads\/2024\/02\/L1030354-2-300x400.jpeg 300w, https:\/\/revuepolaire.com\/wp-content\/uploads\/2024\/02\/L1030354-2-850x1133.jpeg 850w, https:\/\/revuepolaire.com\/wp-content\/uploads\/2024\/02\/L1030354-2.jpeg 960w\" sizes=\"(max-width: 768px) 100vw, 768px\" \/><\/figure>\n<\/div>\n\n\n<p>\u00ab\u00a0Il s&rsquo;appelle Nour. Elle s&rsquo;appelle Sfa. Tout les oppose.<\/p>\n\n\n\n<p>Ils sont Syriens, dans la Syrie d&rsquo;aujourd&rsquo;hui. La guerre civile va ind\u00fbment les rapprocher pour le meilleur et pour le pire. Le pire est s\u00fbr. Le meilleur sera un combat.<\/p>\n\n\n\n<p>Ils vont devenir Nour et Sfa comme il y eut Majnoun et Le\u00efla, Rom\u00e9o et Juliette, Iseult et Tristan, \u00e0 d&rsquo;autres moments, en d&rsquo;autres endroits. Ils n&rsquo;ont pas choisi : ils ne le peuvent pas, mais ils le veulent.\u00a0\u00bb<\/p>\n\n\n\n<h2 class=\"wp-block-heading\" id=\"jean-louis-cloet-et-firoozeh-radji-tutoyer-les-anges\">Jean-Louis Clo\u00ebt et Firoozeh Radji, <em>Tutoyer les anges<\/em><\/h2>\n\n\n<div class=\"wp-block-image\">\n<figure class=\"aligncenter size-large is-resized\"><img decoding=\"async\" width=\"771\" height=\"1024\" src=\"https:\/\/revuepolaire.com\/wp-content\/uploads\/2024\/02\/tutoyer-771x1024.jpg\" alt=\"\" class=\"wp-image-1897\" style=\"width:367px;height:auto\" srcset=\"https:\/\/revuepolaire.com\/wp-content\/uploads\/2024\/02\/tutoyer-771x1024.jpg 771w, https:\/\/revuepolaire.com\/wp-content\/uploads\/2024\/02\/tutoyer-226x300.jpg 226w, https:\/\/revuepolaire.com\/wp-content\/uploads\/2024\/02\/tutoyer-768x1019.jpg 768w, https:\/\/revuepolaire.com\/wp-content\/uploads\/2024\/02\/tutoyer-300x398.jpg 300w, https:\/\/revuepolaire.com\/wp-content\/uploads\/2024\/02\/tutoyer-850x1128.jpg 850w, https:\/\/revuepolaire.com\/wp-content\/uploads\/2024\/02\/tutoyer.jpg 938w\" sizes=\"(max-width: 771px) 100vw, 771px\" \/><\/figure>\n<\/div>\n\n\n<p>Chacun de nous cherche son Orient pour y inventer le soleil, l&rsquo;aube de jours nouveaux.<\/p>\n\n\n\n<p>Ce \u00ab Div\u00e2n \u00bb \u2014 \u00ab Livre \u00bb en persan \u2014 rend compte fid\u00e8lement d&rsquo;une \u00e9chapp\u00e9e vers ce levant, d&rsquo;une rencontre entre Occident et Orient ; la femme en qui cet Orient s&rsquo;incarne s&rsquo;appelle Firoozeh.<\/p>\n\n\n\n<p>Ce \u00ab Div\u00e2n \u00bb est un livre d&rsquo;heures qui d\u00e9compte et conte l&rsquo;attente du soleil, du point du jour.<\/p>\n\n\n\n<p>\u2014 C&rsquo;est le livre de deux guetteurs.<\/p>\n\n\n\n<h2 class=\"wp-block-heading\" id=\"jean-louis-cloet-trois-poemes-de-rupture-de-labandon\">Jean-Louis Cloe\u0308t, <em>Trois po\u00e8mes de rupture &amp; de l&rsquo;abandon<\/em><\/h2>\n\n\n<div class=\"wp-block-image\">\n<figure class=\"aligncenter size-large is-resized\"><img decoding=\"async\" width=\"768\" height=\"1024\" src=\"https:\/\/revuepolaire.com\/wp-content\/uploads\/2024\/02\/L1030352-768x1024.jpeg\" alt=\"\" class=\"wp-image-1898\" style=\"width:353px;height:auto\" srcset=\"https:\/\/revuepolaire.com\/wp-content\/uploads\/2024\/02\/L1030352-768x1024.jpeg 768w, https:\/\/revuepolaire.com\/wp-content\/uploads\/2024\/02\/L1030352-225x300.jpeg 225w, https:\/\/revuepolaire.com\/wp-content\/uploads\/2024\/02\/L1030352-300x400.jpeg 300w, https:\/\/revuepolaire.com\/wp-content\/uploads\/2024\/02\/L1030352-850x1133.jpeg 850w, https:\/\/revuepolaire.com\/wp-content\/uploads\/2024\/02\/L1030352.jpeg 960w\" sizes=\"(max-width: 768px) 100vw, 768px\" \/><\/figure>\n<\/div>\n\n\n<p>Efface les arbres, les oiseaux\u2026<br>Ass\u00e8che les sources, les cours d&rsquo;eau\u2026<br>Rends les animaux \u00e0 la glaise<br>dont ils furent tir\u00e9s et p\u00e9tris,<br>redonne-les \u00e0 la poussi\u00e8re\u2026<br>(\u2026)<\/p>\n\n\n\n<h2 class=\"wp-block-heading\" id=\"jean-paul-woitrain-nemo\">Jean-Paul Woitrain, <em>Nemo<\/em><\/h2>\n\n\n<div class=\"wp-block-image\">\n<figure class=\"aligncenter size-large is-resized\"><img loading=\"lazy\" decoding=\"async\" width=\"750\" height=\"1024\" src=\"https:\/\/revuepolaire.com\/wp-content\/uploads\/2024\/02\/Sans-titre-nemo-750x1024.jpg\" alt=\"\" class=\"wp-image-1900\" style=\"width:349px;height:auto\" srcset=\"https:\/\/revuepolaire.com\/wp-content\/uploads\/2024\/02\/Sans-titre-nemo-750x1024.jpg 750w, https:\/\/revuepolaire.com\/wp-content\/uploads\/2024\/02\/Sans-titre-nemo-220x300.jpg 220w, https:\/\/revuepolaire.com\/wp-content\/uploads\/2024\/02\/Sans-titre-nemo-768x1048.jpg 768w, https:\/\/revuepolaire.com\/wp-content\/uploads\/2024\/02\/Sans-titre-nemo-300x409.jpg 300w, https:\/\/revuepolaire.com\/wp-content\/uploads\/2024\/02\/Sans-titre-nemo-850x1160.jpg 850w, https:\/\/revuepolaire.com\/wp-content\/uploads\/2024\/02\/Sans-titre-nemo.jpg 938w\" sizes=\"(max-width: 750px) 100vw, 750px\" \/><\/figure>\n<\/div>\n\n\n<p>Nemo, ce n&rsquo;est personne, et c&rsquo;est Ulrich von Hutten, humaniste protestant n\u00e9 en 1488. Actuelle car intempestive, cette \u00ab&nbsp;parole de personne&nbsp;\u00bb, qui inaugure la collection \u00ab&nbsp;Patrimoine&nbsp;\u00bb, exprime tout \u00e0 la fois l&rsquo;instable chaos du monde et l&rsquo;imp\u00e9rative urgence qu&rsquo;il y a d&rsquo;en rire.<\/p>\n\n\n\n<p>Texte latin, in\u00e9dit en traduction.<\/p>\n\n\n\n<h2 class=\"wp-block-heading\" id=\"marcelle-rosnay-vivre-en-poesie\">Marcelle Rosnay, <em>Vivre en po\u00e9sie<\/em><\/h2>\n\n\n<div class=\"wp-block-image\">\n<figure class=\"aligncenter size-full is-resized\"><img loading=\"lazy\" decoding=\"async\" width=\"644\" height=\"950\" src=\"https:\/\/revuepolaire.com\/wp-content\/uploads\/2024\/02\/Capture-decran-2024-02-26-a-18.02.36.png\" alt=\"\" class=\"wp-image-1910\" style=\"width:340px;height:auto\" srcset=\"https:\/\/revuepolaire.com\/wp-content\/uploads\/2024\/02\/Capture-decran-2024-02-26-a-18.02.36.png 644w, https:\/\/revuepolaire.com\/wp-content\/uploads\/2024\/02\/Capture-decran-2024-02-26-a-18.02.36-203x300.png 203w, https:\/\/revuepolaire.com\/wp-content\/uploads\/2024\/02\/Capture-decran-2024-02-26-a-18.02.36-300x443.png 300w\" sizes=\"(max-width: 644px) 100vw, 644px\" \/><\/figure>\n<\/div>\n\n\n<p>Cet entretien avec Marcelle Rosnay pr\u00e9sente une histoire du Club des Po\u00e8tes, lieu de po\u00e9sie et de rencontre qui fut au c\u0153ur de la vie artistique pendant la deuxi\u00e8me moiti\u00e9 du XXe si\u00e8cle, et qui demeure aujourd&rsquo;hui un lieu vibrant de vie. C&rsquo;est aussi l\u2019histoire d\u2019amour entre Marcelle et son mari Jean-Pierre Rosnay, po\u00e8te et fondateur du Club des po\u00e8tes, qui se trouve ici recueillie et retrac\u00e9e dans toute sa vitalit\u00e9.<\/p>\n\n\n\n<h2 class=\"wp-block-heading\" id=\"blaise-rosnay-la-jeune-fille-sur-la-plage\">Blaise Rosnay, <em>La jeune fille sur la plage<\/em><\/h2>\n\n\n<div class=\"wp-block-image\">\n<figure class=\"aligncenter size-large is-resized\"><img loading=\"lazy\" decoding=\"async\" width=\"766\" height=\"1024\" src=\"https:\/\/revuepolaire.com\/wp-content\/uploads\/2024\/02\/jf-plage-766x1024.jpg\" alt=\"\" class=\"wp-image-1899\" style=\"width:334px;height:auto\" srcset=\"https:\/\/revuepolaire.com\/wp-content\/uploads\/2024\/02\/jf-plage-766x1024.jpg 766w, https:\/\/revuepolaire.com\/wp-content\/uploads\/2024\/02\/jf-plage-224x300.jpg 224w, https:\/\/revuepolaire.com\/wp-content\/uploads\/2024\/02\/jf-plage-768x1027.jpg 768w, https:\/\/revuepolaire.com\/wp-content\/uploads\/2024\/02\/jf-plage-300x401.jpg 300w, https:\/\/revuepolaire.com\/wp-content\/uploads\/2024\/02\/jf-plage-850x1136.jpg 850w, https:\/\/revuepolaire.com\/wp-content\/uploads\/2024\/02\/jf-plage.jpg 938w\" sizes=\"(max-width: 766px) 100vw, 766px\" \/><\/figure>\n<\/div>\n\n\n<p>\u00ab\u00a0Commen\u00e7ons par le commencement : une fen\u00eatre qui donne sur la mer. Je me penche \u00e0 la fen\u00eatre \u2014 une jeune fille qui se d\u00e9v\u00eat \u2014 mon cheval est harnach\u00e9.<br>Nous f\u00eemes l&rsquo;amour sur les dunes, au bruit des vagues-soupirs. J&rsquo;ai m\u00eame oubli\u00e9 son nom \u2014 mais je n&rsquo;ai rien oubli\u00e9.\u00a0\u00bb<\/p>\n\n\n\n<h2 class=\"wp-block-heading\" id=\"stephane-partiot-partition-du-temps\">St\u00e9phane Partiot, <em>Partition du temps<\/em><\/h2>\n\n\n<div class=\"wp-block-image\">\n<figure class=\"aligncenter size-large is-resized\"><img loading=\"lazy\" decoding=\"async\" width=\"768\" height=\"1024\" src=\"https:\/\/revuepolaire.com\/wp-content\/uploads\/2024\/02\/L1030353-768x1024.jpeg\" alt=\"\" class=\"wp-image-1906\" style=\"width:359px;height:auto\" srcset=\"https:\/\/revuepolaire.com\/wp-content\/uploads\/2024\/02\/L1030353-768x1024.jpeg 768w, https:\/\/revuepolaire.com\/wp-content\/uploads\/2024\/02\/L1030353-225x300.jpeg 225w, https:\/\/revuepolaire.com\/wp-content\/uploads\/2024\/02\/L1030353-300x400.jpeg 300w, https:\/\/revuepolaire.com\/wp-content\/uploads\/2024\/02\/L1030353-850x1133.jpeg 850w, https:\/\/revuepolaire.com\/wp-content\/uploads\/2024\/02\/L1030353.jpeg 960w\" sizes=\"(max-width: 768px) 100vw, 768px\" \/><\/figure>\n<\/div>\n\n\n<p>\u00ab\u00a0Tr\u00e8s loin<br>\u00e0 toute bride<br>nous br\u00fblerons<\/p>\n\n\n\n<p>Le mythe balancera sa longue lumi\u00e8re<br>par-dessus nos fant\u00f4mes<br>tandis que ta nuque<br>marque-page du temps<br>contiendra nos d\u00e9raisons [&#8230;]\u00a0\u00bb<\/p>\n","protected":false},"excerpt":{"rendered":"<p>Situ\u00e9es \u00e0 Marcq-en-Baroeul, dans le Nord, les \u00e9ditions Polaire ont publi\u00e9, entre 2013 et 2017,&#8230;<\/p>\n","protected":false},"author":3,"featured_media":0,"parent":0,"menu_order":0,"comment_status":"closed","ping_status":"closed","template":"","meta":{"_editorskit_title_hidden":false,"_editorskit_reading_time":0,"_editorskit_is_block_options_detached":false,"_editorskit_block_options_position":"{}","advgb_blocks_editor_width":"","advgb_blocks_columns_visual_guide":"","_monsterinsights_skip_tracking":false,"_monsterinsights_sitenote_active":false,"_monsterinsights_sitenote_note":"","_monsterinsights_sitenote_category":0,"_uf_show_specific_survey":0,"_uf_disable_surveys":false,"footnotes":""},"class_list":["post-1885","page","type-page","status-publish","hentry"],"yoast_head":"<!-- This site is optimized with the Yoast SEO plugin v27.4 - https:\/\/yoast.com\/product\/yoast-seo-wordpress\/ -->\n<title>\u00c9ditions Polaire - Revue Polaire<\/title>\n<meta name=\"robots\" content=\"index, follow, max-snippet:-1, max-image-preview:large, max-video-preview:-1\" \/>\n<link rel=\"canonical\" href=\"http:\/\/revuepolaire.com\/index.php\/editions\/\" \/>\n<meta property=\"og:locale\" content=\"fr_FR\" \/>\n<meta property=\"og:type\" content=\"article\" \/>\n<meta property=\"og:title\" content=\"\u00c9ditions Polaire - Revue Polaire\" \/>\n<meta property=\"og:description\" content=\"Situ\u00e9es \u00e0 Marcq-en-Baroeul, dans le Nord, les \u00e9ditions Polaire ont publi\u00e9, entre 2013 et 2017,...\" \/>\n<meta property=\"og:url\" content=\"http:\/\/revuepolaire.com\/index.php\/editions\/\" \/>\n<meta property=\"og:site_name\" content=\"Revue Polaire\" \/>\n<meta property=\"article:publisher\" content=\"https:\/\/www.facebook.com\/polaire.editions\/?locale=fr_FR\" \/>\n<meta property=\"article:modified_time\" content=\"2024-02-26T17:28:25+00:00\" \/>\n<meta property=\"og:image\" content=\"https:\/\/revuepolaire.com\/wp-content\/uploads\/2024\/02\/L1030354-2-768x1024.jpeg\" \/>\n<meta name=\"twitter:card\" content=\"summary_large_image\" \/>\n<meta name=\"twitter:label1\" content=\"Dur\u00e9e de lecture estim\u00e9e\" \/>\n\t<meta name=\"twitter:data1\" content=\"3 minutes\" \/>\n<script type=\"application\/ld+json\" class=\"yoast-schema-graph\">{\"@context\":\"https:\\\/\\\/schema.org\",\"@graph\":[{\"@type\":\"WebPage\",\"@id\":\"http:\\\/\\\/revuepolaire.com\\\/index.php\\\/editions\\\/\",\"url\":\"http:\\\/\\\/revuepolaire.com\\\/index.php\\\/editions\\\/\",\"name\":\"\u00c9ditions Polaire - Revue Polaire\",\"isPartOf\":{\"@id\":\"http:\\\/\\\/revuepolaire.com\\\/#website\"},\"primaryImageOfPage\":{\"@id\":\"http:\\\/\\\/revuepolaire.com\\\/index.php\\\/editions\\\/#primaryimage\"},\"image\":{\"@id\":\"http:\\\/\\\/revuepolaire.com\\\/index.php\\\/editions\\\/#primaryimage\"},\"thumbnailUrl\":\"https:\\\/\\\/revuepolaire.com\\\/wp-content\\\/uploads\\\/2024\\\/02\\\/L1030354-2-768x1024.jpeg\",\"datePublished\":\"2024-02-26T16:24:26+00:00\",\"dateModified\":\"2024-02-26T17:28:25+00:00\",\"breadcrumb\":{\"@id\":\"http:\\\/\\\/revuepolaire.com\\\/index.php\\\/editions\\\/#breadcrumb\"},\"inLanguage\":\"fr-FR\",\"potentialAction\":[{\"@type\":\"ReadAction\",\"target\":[\"http:\\\/\\\/revuepolaire.com\\\/index.php\\\/editions\\\/\"]}]},{\"@type\":\"ImageObject\",\"inLanguage\":\"fr-FR\",\"@id\":\"http:\\\/\\\/revuepolaire.com\\\/index.php\\\/editions\\\/#primaryimage\",\"url\":\"https:\\\/\\\/revuepolaire.com\\\/wp-content\\\/uploads\\\/2024\\\/02\\\/L1030354-2.jpeg\",\"contentUrl\":\"https:\\\/\\\/revuepolaire.com\\\/wp-content\\\/uploads\\\/2024\\\/02\\\/L1030354-2.jpeg\",\"width\":960,\"height\":1280},{\"@type\":\"BreadcrumbList\",\"@id\":\"http:\\\/\\\/revuepolaire.com\\\/index.php\\\/editions\\\/#breadcrumb\",\"itemListElement\":[{\"@type\":\"ListItem\",\"position\":1,\"name\":\"Accueil\",\"item\":\"http:\\\/\\\/revuepolaire.com\\\/\"},{\"@type\":\"ListItem\",\"position\":2,\"name\":\"\u00c9ditions Polaire\"}]},{\"@type\":\"WebSite\",\"@id\":\"http:\\\/\\\/revuepolaire.com\\\/#website\",\"url\":\"http:\\\/\\\/revuepolaire.com\\\/\",\"name\":\"Revue Polaire\",\"description\":\"Pour retrouver magn\u00e9tiquement, au-del\u00e0, en-de\u00e7\u00e0 des frilosit\u00e9s postmodernes, l&#039;esprit des p\u00f4les, le grand Air\u2026\",\"publisher\":{\"@id\":\"http:\\\/\\\/revuepolaire.com\\\/#organization\"},\"potentialAction\":[{\"@type\":\"SearchAction\",\"target\":{\"@type\":\"EntryPoint\",\"urlTemplate\":\"http:\\\/\\\/revuepolaire.com\\\/?s={search_term_string}\"},\"query-input\":{\"@type\":\"PropertyValueSpecification\",\"valueRequired\":true,\"valueName\":\"search_term_string\"}}],\"inLanguage\":\"fr-FR\"},{\"@type\":\"Organization\",\"@id\":\"http:\\\/\\\/revuepolaire.com\\\/#organization\",\"name\":\"Revue Polaire\",\"url\":\"http:\\\/\\\/revuepolaire.com\\\/\",\"logo\":{\"@type\":\"ImageObject\",\"inLanguage\":\"fr-FR\",\"@id\":\"http:\\\/\\\/revuepolaire.com\\\/#\\\/schema\\\/logo\\\/image\\\/\",\"url\":\"https:\\\/\\\/revuepolaire.com\\\/wp-content\\\/uploads\\\/2023\\\/10\\\/cropped-cropped-cropped-b-vert-deau-1-2.png\",\"contentUrl\":\"https:\\\/\\\/revuepolaire.com\\\/wp-content\\\/uploads\\\/2023\\\/10\\\/cropped-cropped-cropped-b-vert-deau-1-2.png\",\"width\":246,\"height\":246,\"caption\":\"Revue Polaire\"},\"image\":{\"@id\":\"http:\\\/\\\/revuepolaire.com\\\/#\\\/schema\\\/logo\\\/image\\\/\"},\"sameAs\":[\"https:\\\/\\\/www.facebook.com\\\/polaire.editions\\\/?locale=fr_FR\"]}]}<\/script>\n<!-- \/ Yoast SEO plugin. -->","yoast_head_json":{"title":"\u00c9ditions Polaire - Revue Polaire","robots":{"index":"index","follow":"follow","max-snippet":"max-snippet:-1","max-image-preview":"max-image-preview:large","max-video-preview":"max-video-preview:-1"},"canonical":"http:\/\/revuepolaire.com\/index.php\/editions\/","og_locale":"fr_FR","og_type":"article","og_title":"\u00c9ditions Polaire - Revue Polaire","og_description":"Situ\u00e9es \u00e0 Marcq-en-Baroeul, dans le Nord, les \u00e9ditions Polaire ont publi\u00e9, entre 2013 et 2017,...","og_url":"http:\/\/revuepolaire.com\/index.php\/editions\/","og_site_name":"Revue Polaire","article_publisher":"https:\/\/www.facebook.com\/polaire.editions\/?locale=fr_FR","article_modified_time":"2024-02-26T17:28:25+00:00","og_image":[{"url":"https:\/\/revuepolaire.com\/wp-content\/uploads\/2024\/02\/L1030354-2-768x1024.jpeg","type":"","width":"","height":""}],"twitter_card":"summary_large_image","twitter_misc":{"Dur\u00e9e de lecture estim\u00e9e":"3 minutes"},"schema":{"@context":"https:\/\/schema.org","@graph":[{"@type":"WebPage","@id":"http:\/\/revuepolaire.com\/index.php\/editions\/","url":"http:\/\/revuepolaire.com\/index.php\/editions\/","name":"\u00c9ditions Polaire - Revue Polaire","isPartOf":{"@id":"http:\/\/revuepolaire.com\/#website"},"primaryImageOfPage":{"@id":"http:\/\/revuepolaire.com\/index.php\/editions\/#primaryimage"},"image":{"@id":"http:\/\/revuepolaire.com\/index.php\/editions\/#primaryimage"},"thumbnailUrl":"https:\/\/revuepolaire.com\/wp-content\/uploads\/2024\/02\/L1030354-2-768x1024.jpeg","datePublished":"2024-02-26T16:24:26+00:00","dateModified":"2024-02-26T17:28:25+00:00","breadcrumb":{"@id":"http:\/\/revuepolaire.com\/index.php\/editions\/#breadcrumb"},"inLanguage":"fr-FR","potentialAction":[{"@type":"ReadAction","target":["http:\/\/revuepolaire.com\/index.php\/editions\/"]}]},{"@type":"ImageObject","inLanguage":"fr-FR","@id":"http:\/\/revuepolaire.com\/index.php\/editions\/#primaryimage","url":"https:\/\/revuepolaire.com\/wp-content\/uploads\/2024\/02\/L1030354-2.jpeg","contentUrl":"https:\/\/revuepolaire.com\/wp-content\/uploads\/2024\/02\/L1030354-2.jpeg","width":960,"height":1280},{"@type":"BreadcrumbList","@id":"http:\/\/revuepolaire.com\/index.php\/editions\/#breadcrumb","itemListElement":[{"@type":"ListItem","position":1,"name":"Accueil","item":"http:\/\/revuepolaire.com\/"},{"@type":"ListItem","position":2,"name":"\u00c9ditions Polaire"}]},{"@type":"WebSite","@id":"http:\/\/revuepolaire.com\/#website","url":"http:\/\/revuepolaire.com\/","name":"Revue Polaire","description":"Pour retrouver magn\u00e9tiquement, au-del\u00e0, en-de\u00e7\u00e0 des frilosit\u00e9s postmodernes, l&#039;esprit des p\u00f4les, le grand Air\u2026","publisher":{"@id":"http:\/\/revuepolaire.com\/#organization"},"potentialAction":[{"@type":"SearchAction","target":{"@type":"EntryPoint","urlTemplate":"http:\/\/revuepolaire.com\/?s={search_term_string}"},"query-input":{"@type":"PropertyValueSpecification","valueRequired":true,"valueName":"search_term_string"}}],"inLanguage":"fr-FR"},{"@type":"Organization","@id":"http:\/\/revuepolaire.com\/#organization","name":"Revue Polaire","url":"http:\/\/revuepolaire.com\/","logo":{"@type":"ImageObject","inLanguage":"fr-FR","@id":"http:\/\/revuepolaire.com\/#\/schema\/logo\/image\/","url":"https:\/\/revuepolaire.com\/wp-content\/uploads\/2023\/10\/cropped-cropped-cropped-b-vert-deau-1-2.png","contentUrl":"https:\/\/revuepolaire.com\/wp-content\/uploads\/2023\/10\/cropped-cropped-cropped-b-vert-deau-1-2.png","width":246,"height":246,"caption":"Revue Polaire"},"image":{"@id":"http:\/\/revuepolaire.com\/#\/schema\/logo\/image\/"},"sameAs":["https:\/\/www.facebook.com\/polaire.editions\/?locale=fr_FR"]}]}},"coauthors":[],"author_meta":{"author_link":"https:\/\/revuepolaire.com\/index.php\/author\/stephanepartiot\/","display_name":"St\u00e9phane Partiot"},"relative_dates":{"created":"Publi\u00e9 2 ans il y a","modified":"Mis \u00e0 jour 2 ans il y a"},"absolute_dates":{"created":"Publi\u00e9 le 26 f\u00e9vrier 2024","modified":"Mise \u00e0 jour le 26 f\u00e9vrier 2024"},"absolute_dates_time":{"created":"Publi\u00e9 le 26 f\u00e9vrier 2024 17h24","modified":"Mise \u00e0 jour le 26 f\u00e9vrier 2024 18h28"},"featured_img_caption":"","featured_img":false,"series_order":"","_links":{"self":[{"href":"https:\/\/revuepolaire.com\/index.php\/wp-json\/wp\/v2\/pages\/1885","targetHints":{"allow":["GET"]}}],"collection":[{"href":"https:\/\/revuepolaire.com\/index.php\/wp-json\/wp\/v2\/pages"}],"about":[{"href":"https:\/\/revuepolaire.com\/index.php\/wp-json\/wp\/v2\/types\/page"}],"author":[{"embeddable":true,"href":"https:\/\/revuepolaire.com\/index.php\/wp-json\/wp\/v2\/users\/3"}],"replies":[{"embeddable":true,"href":"https:\/\/revuepolaire.com\/index.php\/wp-json\/wp\/v2\/comments?post=1885"}],"version-history":[{"count":11,"href":"https:\/\/revuepolaire.com\/index.php\/wp-json\/wp\/v2\/pages\/1885\/revisions"}],"predecessor-version":[{"id":1914,"href":"https:\/\/revuepolaire.com\/index.php\/wp-json\/wp\/v2\/pages\/1885\/revisions\/1914"}],"wp:attachment":[{"href":"https:\/\/revuepolaire.com\/index.php\/wp-json\/wp\/v2\/media?parent=1885"}],"curies":[{"name":"wp","href":"https:\/\/api.w.org\/{rel}","templated":true}]}}